12161?
-350520
In base 11, what is 3 + -6643545?
-6643542
In base 15, what is 2 - a1c596?
-a1c594
In base 15, what is -266 - 49962?
-49bc8
In base 8, what is 31 - -6407071?
6407122
In base 14, what is -1 + -2d36ba5?
-2d36ba6
In base 15, what is -35bbba3 + -1?
-35bbba4
In base 2, what is 11100101000101110111011 - -10100?
11100101000101111001111
In base 5, what is -10 - 23342033334?
-23342033344
In base 6, what is 12 - -51225155?
51225211
In base 10, what is -113 + -90690?
-90803
In base 2, what is 1011000111010011101 + -100111001?
1011000110101100100
In base 10, what is -35003587 - 2?
-35003589
In base 5, what is 1134 - 131302224?
-131301040
In base 5, what is 1333 - -12214?
14102
In base 5, what is 2 + -12410144?
-12410142
In base 9, what is -1631 - 64028?
-65660
In base 4, what is 21031112 + 22131?
21113303
In base 15, what is -1a3ab0 + 2?
-1a3aad
In base 5, what is -1443104412134 - 1?
-1443104412140
In base 16, what is -11975 + 32?
-11943
In base 2, what is -101100 - -10111001010011?
10111000100111
In base 10, what is 5 - 35070147?
-35070142
In base 16, what is -30a66de + 0?
-30a66de
In base 2, what is -1000010011010000010 - 1100?
-1000010011010001110
In base 4, what is 32322300 - -1321131?
100310031
In base 14, what is -1b9b29 - -7?
-1b9b22
In base 10, what is 6939182 - -27?
6939209
In base 5, what is 11 - 403111233?
-403111222
In base 6, what is -315511232 + 240?
-315510552
In base 9, what is -162686553 + -5?
-162686558
In base 12, what is 16a56 + -1051a?
6538
In base 7, what is 51 - 645244?
-645163
In base 15, what is -18036 + b0d?
-17428
In base 12, what is 24a0 - -19961?
20241
In base 9, what is 38181 - 1416?
36664
In base 15, what is -e82bd4 + -1?
-e82bd5
In base 13, what is 45053ac - -2?
45053b1
In base 15, what is 70c + 5ce0?
64ec
In base 2, what is 1111 - 10100011100111011?
-10100011100101100
In base 8, what is -735320 + 124?
-735174
In base 4, what is 223210322320 + 2?
223210322322
In base 14, what is 1541 + -1348?
1d7
In base 7, what is -12035 - -1233613?
1221545
In base 3, what is -1202220120021001 + 1000?
-1202220120020001
In base 13, what is -442 - -1c7245?
1c6b03
In base 11, what is 1600 + 2981?
4481
In base 10, what is -174075 + 9?
-174066
In base 9, what is -1427026 + 311?
-1426615
In base 8, what is 54 - -1263163?
1263237
In base 5, what is -210 + -11233104?
-11233314
In base 5, what is -4203201 + -11311?
-4220012
In base 8, what is 65442 + -1270?
64152
In base 16, what is -30c9be + -5?
-30c9c3
In base 4, what is 12 - 21310313110?
-21310313032
In base 5, what is 2311434 + 10130?
2322114
In base 16, what is -212 - -4a25?
4813
In base 16, what is 33e68 + 609?
34471
In base 13, what is -80b707 - 3?
-80b70a
In base 15, what is 316e - -45b?
35ca
In base 11, what is 56557 - -1204?
57760
In base 16, what is 6 + 24742e2?
24742e8
In base 15, what is 75 - -7d12?
7d87
In base 9, what is -184 - 2064243?
-2064437
In base 11, what is -1013 - -1aaa5?
19a92
In base 12, what is -3 + -10a05992?
-10a05995
In base 15, what is -8 + -129cacc?
-129cad5
In base 7, what is 3 - -164152165?
164152201
In base 10, what is 85126583 + 3?
85126586
In base 9, what is -240663 - -104?
-240558
In base 15, what is 36d + e49?
12b7
In base 9, what is -37228 + -1034?
-38263
In base 13, what is 47142 - -38?
4717a
In base 15, what is 11b648 + -b1?
11b587
In base 4, what is -33003203 + -10121?
-33013330
In base 4, what is -11 - -132230201110?
132230201033
In base 15, what is c386 - 447?
be3e
In base 13, what is -385 - -2bab5?
2b730
In base 15, what is 6adab2 - 10?
6adaa2
In base 6, what is -3240 - 13012?
-20252
In base 2, what is 1010111001011 - 100000?
1010110101011
In base 15, what is -e - 4c2147?
-4c2156
In base 9, what is -26854 + -1733?
-28687
In base 3, what is 11 + 20001001210222?
20001001211010
In base 4, what is -10 + -1311102311?
-1311102321
In base 11, what is -32128904 - 5?
-32128909
In base 13, what is -4 - 16001b5?
-16001b9
In base 14, what is 470c96 + 11?
470ca7
In base 3, what is -10000 + 22020200?
22010200
In base 6, what is 4455415511 - -2?
4455415513
In base 14, what is 9 + -5164b?
-51642
In base 11, what is 357 - -756960?
757207
In base 10, what is 194 + -3521245?
-3521051
In base 3, what is 11 - -11010020000021?
11010020000102
In base 3, what is -1100211201 - 2022001?
-1110010202
In base 9, what is 1320173 - -1?
1320174
In base 16, what is -33d471 + -f8?
-33d569
In base 16, what is 2e5ea - -3fc?
2e9e6
In base 5, what is -1311 + 23342420?
23341104
In base 15, what is 2cda - 99?
2c41
In base 7, what is 10 + 442316136?
442316146
In base 11, what is 110 - 8873a?
-8862a
In base 10, what is -27 + 11133518?
11133491
In base 10, what is 2631900 + -15?
2631885
In base 4, what is -2 - -1100030121101?
1100030121033
In base 12, what is -27 + -201314?
-20133b
In base 11, what is -68526 + 572?
-67a64
In base 6, what is 401 - -233010122?
233010523
In base 10, what is -15841522 - 2?
-15841524
In base 3, what is 1112222212220022 - 211?
1112222212212111
In base 6, what is 33344513241 + 2?
33344513243
In base 6, what is 225 + 510?
1135
In base 11, what is 3a + 746014?
746053
In base 4, what is 121 - -1011223113?
1011223300
In base 11, what is 24a41 - -283?
25214
In base 16, what is -3c1b236 - -4?
-3c1b232
In base 3, what is 12012102 - -101222200?
121012002
In base 16, what is 1e8c - 4cb?
19c1
In base 6, what is -3435145 + -133?
-3435322
In base 11, what is -24942aa48 - -2?
-24942aa46
In base 16, what is -1c5f8d - 57?
-1c5fe4
In base 9, what is -7032 + 440?
-6482
In base 3, what is -12 - 12110122011020?
-12110122011102
In base 4, what is -123223303131 + 2121?
-123223301010
In base 7, what is -421216333 + -5?
-421216341
In base 5, what is -33 + -1123110032?
-1123110120
In base 7, what is 2655351 + 12?
2655363
In base 16, what is -df41 - 4?
-df45
In base 13, what is b537 + -cc53?
-1719
In base 11, what is -74261 - 160?
-74411
In base 14, what is 233 - -c916?
cb49
In base 5, what is 120141233 - 33023?
120103210
In base 12, what is 65a35 - -12?
65a47
In base 5, what is 100133 + -1412423?
-1312240
In base 2, what is 10 + 1001001000110101100011111?
1001001000110101100100001
In base 7, what is -2020 + -101340?
-103360
In base 4, what is -202332231323032 + 0?
-202332231323032
In base 7, what is 602642 + -1431?
601211
In base 7, what is -254 + 2603025?
2602441
In base 16, what is 67c - 33bac?
-33530
In base 3, what is -11021212100212022 - 1?
-11021212100212100
In base 9, what is -6 + 730550?
730543
In base 12, what is -3 - -53a3773?
53a3770
In base 12, what is 57b9 - -3828?
9425
In base 13, what is b50a35 + ca?
b50b32
In base 5, what is 3444301233 - 4?
3444301224
In base 15, what is -15c22 - 68e?
-163b1
In base 4, what is -2213010013 + -10202?
-2213020221
In base 16, what is 295d42 + 4?
295d46
In base 9, what is -166 - 1146520?
-1146686
In base 14, what is -d71766 - 9?
-d71771
In base 5, what is -10010230 + -212?
-10010442
In base 13, what is -73b1c29 + -4?
-73b1c30
In base 10, what is -213922958 + 1?
-213922957
In base 6, what is 112 - 112000?
-111444
In base 14, what is 5c97 - -19?
5cb2
In base 2, what is 11100 - -1111110111100110111100?
1111110111100111011000
In base 14, what is 2a - 139b?
-1371
In base 5, what is -30314334 - 34?
-30314423
In base 2, what is -1001010 + 10011100001100010110110?
10011100001100001101100
In base 15, what is cc + 3b439?
3b516
In base 3, what is 1020210002211012 - 1121?
1020210002202121
In base 7, what is 21325 - -161?
21516
In base 13, what is -87 - 28353?
-2840a
In base 15, what is -9 - -a5068?
a505e
In base 12, what is -736a - -117a7?
6439
In base 8, what is 16220211 - 10?
16220201
In base 12, what is 50874a5 + -4?
50874a1
In base 11, what is -938857 + -64?
-938910
In base 11, what is -2 + 29871281?
2987127a
In base 16, what is -e7b + b951?
aad6
In base 11, what is 2025 + 36886?
38900
In base 11, what is -104797 - 40?
-104827
In base 13, what is 21a3 + -239c?
-1c9
In base 9, what is 5402032 - 4?
5402027
In base 13, what is -81 - -bb5aaa?
bb5a29
In base 11, what is 4362618 - 13?
4362605
In base 14, what is 1 - 986d354?
-986d353
In base 4, what is 13101012031110 + -21?
13101012031023
In base 2, what is -1000100011010100100000100 - 100?
-1000100011010100100001000
In base 9, what is 46554463 - 4?
46554458
In base 2, what is -10010 - -10011